3. What is the highest common divisor of 18045 and b?
9
Let d(o) = -52*o + 760. Let k be d(14). Calculate the highest common factor of 62 and k.
2
Suppose -3*s + 2*s + 5 = 0, 4*s + 78 = w. Let m = -22 + 36. What is the greatest common factor of w and m?
14
Suppose -144 = -3*k + 501. Let q(w) = w**3 - 12*w**2 + 55*w - 55. Let j be q(8). What is the greatest common divisor of k and j?
43
Let w = 13241 - 6917. Calculate the greatest common divisor of 12 and w.
12
Let f(h) = -2*h**3 - 3*h**2 - h + 1. Let w be (-2)/12 + 11/(-6). Let u be f(w). Suppose m = 175 - u. Calculate the greatest common factor of 24 and m.
24
Let n = -952 - -1876. What is the greatest common factor of 3 and n?
3
Suppose -261*d = -h - 260*d + 725, 0 = h - 5*d - 733. Calculate the highest common divisor of 6 and h.
3
Suppose -286 = -c + 4*a, 0 = -2*a - 4 - 0. Let v = -260 + c. What is the highest common factor of 306 and v?
18
Let h be (0 - 0) + -1 + 25. Suppose -3*u - 4*v + 21 = 4, 2*v = -u + 9. Let n be (2*u/(-8))/((-2)/(-48)). What is the highest common divisor of h and n?
6
Let q be (-93360)/(-144) - (-4)/6. Let g(z) = -z**2 - 7*z + 5. Let h be g(-6). Calculate the greatest common factor of q and h.
11
Let x(c) = -c**3 - 8*c**2 - 30*c - 189. Let v be x(-11). Calculate the greatest common divisor of 144 and v.
72
Suppose 5*a = j + 10490, -8*a - 3*j + 8849 = -7912. Calculate the greatest common factor of a and 9.
9
Suppose 45*b - 10410 + 8160 = 0. Calculate the highest common divisor of b and 1775.
25
Let s(g) = -215*g - 12. Let r be s(-2). Suppose -124 = 3*d - r. What is the highest common factor of 56 and d?
14
Let r(o) = -5*o - 9. Let q be r(-3). Let l be 153/q*(3 - (-15)/(-9)). What is the greatest common divisor of 170 and l?
34
Let g be (-5148)/48*720/(-54). What is the highest common factor of 50 and g?
10
Let i be 202 + (-12 - -8) + 12. What is the highest common factor of 1590 and i?
30
Let y(a) = -24*a - a - 135 - 4*a**2 + 104 - 18*a + 10*a. Let b be y(-5). Suppose -126 = -5*o - 41. Calculate the greatest common factor of b and o.
17
Let l be ((-44)/(-6))/((-102)/(-1377)). Let t be 1186/9 - (-18)/81. What is the highest common factor of t and l?
33
Let h = 11 + -1. Suppose -h*a - 710 - 250 = 0. Let x = 100 + a. Calculate the highest common divisor of 4 and x.
4
Let k(h) = 4*h**2 - 21*h + 33. Let b be k(-5). What is the greatest common factor of b and 35?
7
Let x be 88 + 104/8 + -17. What is the highest common divisor of 1134 and x?
42
Let m be 1071/(-4 - -21) - 18. Calculate the highest common divisor of 9000 and m.
45
Let v = -19 + 22. Let c be -1*(14 - 16 - 1). What is the highest common factor of c and v?
3
Suppose 5*j = -4*c + 740, -j = 3*c + 2*c - 169. Let n(p) = -4*p + 160. Let u be n(32). Calculate the greatest common divisor of u and j.
16
Let k = 3744 + -3726. What is the highest common factor of 111 and k?
3
Let k(r) = -r**3 + 11*r**2 + 48*r - 484. Let v be k(11). Calculate the greatest common factor of v and 2288.
44
Suppose 794 = 5*w + 6*i + 112, 2*i + 286 = 2*w. What is the greatest common factor of w and 730?
10
Let c(g) = 4*g**2 + 42*g - 19771. Let u be c(-76). Let v(z) = 16*z**2 + 5*z - 1. Let t be v(-4). Calculate the greatest common divisor of u and t.
47
Suppose 2*u - 2149 = -w, 19*u - 3226 = 16*u + w. Calculate the highest common divisor of 387 and u.
43
Let p(t) = 4*t**2 - 206*t - 1007. Let r be p(56). Let b be ((-1)/(-2))/((-1)/(-6)). What is the highest common factor of r and b?
1
Let y = 9965 + -9810. Let s(i) = i**2 + 4*i - 1. Let a be s(4). Calculate the highest common divisor of y and a.
31
Let u = -3899 - -10321. What is the highest common factor of 13 and u?
13
Suppose -68*p + 338 = -55*p. Suppose 3*r + 5*o = 156, 3*r + 0*o - 156 = 2*o. What is the highest common divisor of r and p?
26
Let s = 15466 + -12307. What is the greatest common divisor of s and 52?
13
Let m(a) = 414 - 31*a - 186 - 211. Let y be m(-3). Let h = -12 - -22. Calculate the highest common divisor of h and y.
10
Let v be ((-2)/(3*2))/((-72)/216). Suppose -166*m - 180 = -186*m. What is the highest common divisor of m and v?
1
Let i(v) = -4*v**3 - 3*v**2 - 22*v - 65. Let p be i(-3). Let y = -984 + 1886. Calculate the greatest common divisor of y and p.
82
Let v(c) = c**2 - 185*c - 1741. Let m be v(-10). What is the greatest common divisor of 722 and m?
19
Let b = -22 - -15. Let a = b + 19. Suppose 0 = 2*p + 9 - 81. What is the highest common divisor of p and a?
12
Let y be (-5908)/(-42)*(4 - 1). Let s = y + -237. Calculate the greatest common divisor of 74 and s.
37
Let h = -195 - -262. What is the highest common divisor of h and 4087?
67
Let d = -20 - -266. Suppose 5*h = 2*m - 5*m + d, -2*h + 5*m + 86 = 0. What is the highest common factor of h and 24?
24
Let j(l) = l - 7. Let u be j(9). Let c = -861 - -880. Calculate the highest common factor of u and c.
1
Let i(b) = -b**3 + 2*b**2 - 20*b + 113. Let t be i(4). Calculate the greatest common factor of 270 and t.
1
Let g = 194 - -1131. Calculate the highest common divisor of 53 and g.
53
Suppose 0 = 625*w - 581*w - 20812. Calculate the highest common divisor of w and 132.
11
Suppose -r - 136 = -3*t, -5*r + 61 = 66. Calculate the highest common factor of 28395 and t.
45
Suppose -50*g + 0*g = -44200. Calculate the highest common factor of 544 and g.
68
Let h be (-5)/(-3)*90/50. Suppose 0 = 4*a + h*p - 1025, 4*p - 123 = -a + 130. Let x = -149 + a. Calculate the greatest common factor of x and 18.
18
Let f be (-8 - -249) + 2*-2 + 0. Let q = 249 - f. Calculate the greatest common factor of 48 and q.
12
Let k(d) = d**2 + 9*d - 152. Let v be k(12). Suppose -3*h = -6*q + 8*q - v, -2*q + 2*h + 100 = 0. What is the highest common factor of 330 and q?
10
Suppose 5*h + 6*h = 8*h + 48. What is the greatest common factor of 212 and h?
4
Let k(p) be the second derivative of -p**4/6 + 9*p**3/2 + 5*p**2 + 182*p. Let c be k(13). What is the greatest common factor of 368 and c?
23
Let p(o) = -o**2 + 67*o - 72. Let s be p(63). Calculate the greatest common divisor of 612 and s.
36
Suppose 0 = -4*p - 16, 5*r - 5*p - 152 = r. Suppose 7*o - 211*f + 206*f = 909, 2*o + 5*f - 279 = 0. Calculate the highest common divisor of r and o.
33
Suppose 4011 = 7*k + 1057. Let g = k - 326. What is the highest common factor of 168 and g?
24
Let m = 78 - 58. Suppose 5*o - 60 = 5*g - 0*g, 3*g + 42 = -3*o. Let i = m - g. What is the highest common divisor of 3 and i?
3
Suppose 5*t = -t + 540. Suppose -v = -15 + 10. Suppose 3*j = 2*w - 99, -210 = -v*w - 6*j + j. What is the highest common divisor of t and w?
45
Let v = -1478 + 1537. What is the highest common divisor of v and 1?
1
Let h = -5 + 5. Suppose -5*z + 7*z - 170 = h. Let t(k) = -k**3 - 15*k**2 - k + 2. Let v be t(-15). What is the greatest common factor of v and z?
17
Let z = -13 - -30. Suppose 1207*a + 1215*a - 9792 = 2404*a. Calculate the highest common divisor of z and a.
17
Let d = -702 - -745. Suppose -d*u + 515 = -1377. Let r = -15 - -81. Calculate the highest common divisor of r and u.
22
Let f be (-172)/(-2) + (-7 - -9). Suppose 12*i + 170 = -766. Let d = f + i. What is the greatest common divisor of 15 and d?
5
Let y = 1867 + -1588. Calculate the greatest common divisor of 1023 and y.
93
Suppose 0 = -3599*z + 3594*z + 6890. What is the highest common factor of z and 318?
106
Let t be (-422 - -652)*(-1)/(10/(-8)). Calculate the greatest common divisor of t and 104.
8
Suppose 6956 = 72*h - 775 + 1395. Calculate the greatest common factor of h and 456.
8
Suppose 5*p - 183 + 38 = 0. Let z be (5 + -1)/(1423/82534). Calculate the greatest common divisor of p and z.
29
Suppose 7*s = 27 - 6. Let v be 220/8 + 2/12*s. Let z(h) = -h**3 - 6*h**2 + 8*h + 6. Let a be z(-8). What is the greatest common factor of a and v?
14
Let y = 1148 - 1139. Let a be (-7 + 1)*5/(-10). What is the highest common factor of a and y?
3
Let h(w) = 27*w + 16*w + 9 - 2*w**2 + 19*w - 24*w. Let k be h(19). What is the highest common factor of k and 27?
9
Let c be 18598/51 - 26/(-117)*-3*1. Calculate the greatest common divisor of c and 3536.
52
Let h = -147 + 381. Let f = 29 + 283. Calculate the greatest common divisor of h and f.
78
Suppose 44*z - 47*z = 123. Let j = -39 - z. Let b be (-1)/((j/(-396))/1). Calculate the highest